f = 2*w - 8. What are the prime factors of (-462)/(-9)*9/w?
7, 11
Let r = -60 + 29. Let i = 81 + r. What are the prime factors of i?
2, 5
Let y = 1234 - 858. Suppose -y = -6*r - 148. What are the prime factors of r?
2, 19
Let l be 1/2 + (-21)/6. Let y(x) = 5*x + 5. Let w(z) = -2*z - 3. Let b(k) = l*y(k) - 5*w(k). List the prime factors of b(-8).
2, 5
Let r(g) = -5*g - 1. Let o be r(8). Let n = o + 25. Let j = 28 + n. List the prime factors of j.
2, 3
Let m(b) = 2*b**3 - 2*b. Let a be m(-2). Let x be (-27)/a*1*4. What are the prime factors of -1 - x/(-3) - -7?
3
Suppose 2*j = -5*g + 744, 4*j + 38 = -4*g + 1502. What are the prime factors of j?
2, 181
Suppose -1042 = -n - 5*u, -3*u - 3108 = 2*n - 5*n. List the prime factors of n.
17, 61
Let t be (12/(-8))/(3/6). Let i be (-97)/(-2) - 24/(-16). Let c = i + t. What are the prime factors of c?
47
Suppose -2*i = -3*w + 149, -2*w - 4*i = -0*w - 78. Let x be (22/4)/(3/42). Let t = x - w. What are the prime factors of t?
2, 3, 5
Let r be 1131/9 + (-1)/(-3). Suppose r = -9*l + 12*l. List the prime factors of l.
2, 3, 7
Suppose -r - 3*o + 367 = 0, 40*o + 743 = 2*r + 37*o. List the prime factors of r.
2, 5, 37
Let c be 22/(3/(192/4)). Let w = c + -140. List the prime factors of w.
2, 53
Suppose -6 = 2*r, d - 6*d + 3*r + 19 = 0. Suppose -5*h - 5 = 0, -4*c + 247 = d*h - 5*h. List the prime factors of c.
61
Let c(j) = -j**2 - 7*j + 11. Let w be c(-8). Suppose -4*m = -2*m + w*b - 3, -4*m + 10 = 2*b. Suppose m*v - 15 = -2*v. List the prime factors of v.
3
Let l(d) = d**2 - 3*d - 1. Let q(c) = -c**3 - 3*c**2 - c - 3. Let j be q(-3). Suppose -p - 3*p - 12 = j. List the prime factors of l(p).
17
What are the prime factors of (-4)/(-6) + 7/((-63)/(-6024))?
2, 5, 67
Let o = 23 + -18. Let y(g) = -g**3 + 4*g**2 + 8*g - 12. Let b be y(o). Suppose 5*x + 2*z - 187 = 0, x - 5*x + 144 = b*z. What are the prime factors of x?
3, 13
Suppose -h = -0*h + 2, -o - 2*h + 20 = 0. Let p = -110 + 187. What are the prime factors of (-6)/o - p/(-4)?
19
Let g be (12 - (-4)/(-1)) + -5. Suppose -g*t + 167 - 23 = 0. List the prime factors of t.
2, 3
Suppose -1655 = -w - 1147. What are the prime factors of w?
2, 127
Suppose 5*z - 2*c - 4 = 0, -3*z + 4*z - 2 = c. Suppose -3*k = 3*p + 3, z*k = 2*p - 4*k - 16. Suppose -p - 17 = -q. What are the prime factors of q?
19
Let t be (-218)/(-2) - (5 + -2). Suppose -b + 144 = 2*a + a, -b + 4*a + 158 = 0. Let f = b - t. What are the prime factors of f?
2, 11
Suppose 0 = 3*t + 31 + 20. Let h = t + 20. Suppose -a + 5*c = -45, 0 = 3*a + c - h*c - 148. List the prime factors of a.
2, 5
Let h(y) = -y**3 + 15*y**2 - y - 6. Let o(l) = -l**3 - 4*l**2 + l - 6. Let z be o(-5). List the prime factors of h(z).
2, 11
Let q be 104/32 + 6/8. Suppose -2*i = 3*w - 10, q*w + 5 = i - w. Suppose 2*k - i*k + 30 = 0. What are the prime factors of k?
2, 5
Let j(u) = -u**2 + 13*u + 6. Let c = -16 + 7. Let g be 52/6 - (-6)/c. List the prime factors of j(g).
2, 23
Let g(r) = -72*r + 112. List the prime factors of g(-6).
2, 17
Suppose -2*t - 17 = -3*t + 3*x, 0 = 2*t + x - 6. Suppose 124 = t*g - 3*p, 5 = -5*g - 5*p + 105. Let m = -16 + g. List the prime factors of m.
7
List the prime factors of 1121/(-118)*(-41 + -1).
3, 7, 19
Let v(h) = 7*h + 1. Suppose 15 = -5*t, 5*o + 3*t = -0*t - 4. Let m be v(o). Suppose -3*g = -m*g, 5*b = g + 120. List the prime factors of b.
2, 3
Let y = -30 + 35. Suppose -9 = -7*d + y. Suppose 4*x = -5*f + 52, 2*x = -2*f + d + 18. List the prime factors of f.
2, 3
Suppose -5*x - j = -4*j - 766, 0 = -x - 3*j + 146. Let c be 0/(-1 - (1 + 0)). Suppose c = -a - 3*a + x. What are the prime factors of a?
2, 19
Let m be ((-16)/(-6))/((-2)/(-6)). Suppose 728 = -2*t - 4*a, 4*t - 1132 = 7*t - 4*a. List the prime factors of t/(-9) - m/(-12).
2, 3, 7
Let c be (-958)/12 - 4/24. What are the prime factors of (c + 2)/(-4 - -2)?
3, 13
Let r(c) = -2*c**2 - 118*c + 29. List the prime factors of r(-25).
7, 13, 19
Let f be (1 + 0 - 1)/2. Let o = f - 0. Suppose 0 = 3*c - z - 2*z - 72, 3*z - 3 = o. List the prime factors of c.
5
Suppose -4*g - 5*c - 2 = 0, 12 = 3*g - 0*c - 3*c. Suppose 4*a - u = 605, -4*a + a + 460 = -g*u. What are the prime factors of a?
2, 3, 5
Suppose 224 = 4*h - 5*j - 1584, j = -3*h + 1356. What are the prime factors of h?
2, 113
Let u(n) = -n - 5. Let x be ((-1)/3)/((-4)/(-60)). Let w be u(x). Suppose 0 = 2*g - w - 4. List the prime factors of g.
2
Suppose -y + 0*y = -2*x - 389, -3 = y. List the prime factors of (2 + x/8)*(-4)/5.
2, 3
List the prime factors of (151/(-5))/(8/(-40)).
151
Let b(g) = 3*g + 31. Let v be b(-9). Suppose -4*a - 272 = -2*n - 2*n, 0 = v*n - 5*a - 268. List the prime factors of n.
2, 3
Suppose -4*c - 612 = -4*o, -6*o - 2*c + 800 = -o. Suppose o = 3*n - 193. What are the prime factors of n?
3, 13
Suppose -13 = -5*a + 2. Suppose -4*x + 8 = -a*x. Suppose -116 = 4*v - x*v. List the prime factors of v.
29
Let l(y) = -5*y + 2. Let w be l(-3). Suppose 4*c - 3*q + 1 = 0, 4*c - w = -q - 2*q. List the prime factors of c + -2 - 2*-8.
2
Let f be 4 + 4 + -3 + 4. Let c(q) = -q. Let j be c(f). List the prime factors of 42/9 + (-3)/j.
5
Let d(b) = -b + 23. Let f(y) = -y**2 + 6*y - 4. Let q be f(3). Suppose 0 = -q*n - t + 4*t - 79, -3*n = -t + 45. What are the prime factors of d(n)?
37
What are the prime factors of (3 + (-42)/18)*(-2322)/(-4)?
3, 43
Let h(w) = w**3 + 17*w**2 + 20*w - 19. Let l(s) = -s**3 - 18*s**2 - 19*s + 18. Let n(t) = -5*h(t) - 4*l(t). List the prime factors of n(-12).
167
Suppose 4*l - 101 = -385. Let g(b) = b**3 + 3*b**2 - 3*b + 1. Let f be g(4). Let q = f + l. List the prime factors of q.
2, 3, 5
List the prime factors of 18*662/16 - 185/(-740).
5, 149
Let w(r) = -6*r**3 - 4*r + 19. What are the prime factors of w(-7)?
5, 421
Suppose -541500 = 105*f - 200*f. List the prime factors of f.
2, 3, 5, 19
Let f(r) = 316*r - 12. What are the prime factors of f(3)?
2, 3, 13
Let r(f) be the second derivative of 19*f**5/4 + 17*f. What are the prime factors of r(1)?
5, 19
What are the prime factors of (14*(-1)/(-6))/(6/2682)?
7, 149
Suppose -105*u + 117*u - 15120 = 0. What are the prime factors of u?
2, 3, 5, 7
Let i = -8 + 8. Let c(z) = 11 + 0*z**2 - 6 - z**3 + 14 - z**2. List the prime factors of c(i).
19
Suppose 0*q + 3*q = -9. Let s be q/(-12) + (-182)/(-8). Let v = -1 + s. List the prime factors of v.
2, 11
Suppose -10 = -o + 6*o. Let m(r) = r + 4. Let n be m(o). Suppose 0 = 3*f + n*f + 2*t - 89, -2*f = t - 35. List the prime factors of f.
19
Suppose 0*n = -4*n - 2*o - 2, 0 = 5*n + 3*o + 4. Let k(u) = 8*u + 12. Let a be k(-2). What are the prime factors of (n*a)/8*-8?
2
Let j(a) = a - 5. Let h be j(5). Suppose -2*c - 29 - 39 = h. Let t = -12 - c. List the prime factors of t.
2, 11
Let g be 1*4 - (-4 + 6). Let n(p) = 3*p - 4*p - p - 1 + g*p**2 - 2. List the prime factors of n(-3).
3, 7
Suppose 21*k = 26*k + 385. Let j = k - -110. What are the prime factors of j?
3, 11
Let q be 16/6*(-36)/(-16). Let c(b) = -b**3 + 7*b**2 - 6*b + 3. Let p be c(q). List the prime factors of (p - (3 - 35)) + 0.
5, 7
Let p be -5 - (-2 - (2 - 5)). Let z be (-2)/(p/(-45)) - 1. What are the prime factors of (z/(-5))/((-18)/(-45))?
2
Suppose -10*q = -12929 - 611. What are the prime factors of q?
2, 677
Let z = 3 - -2. Suppose z*b = 2*b + 2*f + 9, -3*b - 4*f = -9. Suppose 4*i = 5*n + 98, -b*i - n = 2*i - 108. List the prime factors of i.
2, 11
Suppose 0 = 29*m + 21*m - 130750. List the prime factors of m.
5, 523
Let w be ((-504)/98)/(1/(-7)). Suppose 0 = -4*d + d + w. Suppose 0 = 5*u - d - 18. What are the prime factors of u?
2, 3
Let i = 35 + -15. Let a = -13 + i. List the prime factors of a.
7
Let t = 2375 - 1515. What are the prime factors of t?
2, 5, 43
Suppose 0 = -452*x + 467*x - 80610. What are the prime factors of x?
2, 2687
Suppose -m - 2*u + 0 + 1 = 0, 5*m = -3*u + 5. Let c(q) = 3*q**2 - q. Let n(t) = t**2. Let b(f) = m*c(f) + n(f). What are the prime factors of b(3)?
3, 11
Let d(l) = l + 3. Let c be d(10). Suppose 0 = -3*g + 2*g + c. What are the prime factors of g?
13
Suppose -4*h - 28 = -4*f, f = 5*h + 36 - 9. Suppose w = 2*w - 5. Suppose 2*p - 98 = f*g - 0*g, w*g = 2*p - 104. What are the prime factors of p?
47
Let c(o) = 6*o**3 - 5*o**2 - o - 12. Let f(s) = -7*s**3 + 4*s**2 + 2*s + 13. Let 